1812 a multiple of 138?
True
Does 5063 divide 1743775136?
False
Does 455 divide 637014105?
True
Is 565707 a multiple of 230?
False
Is 201361784 a multiple of 4816?
False
Is 11 a factor of 13023493?
False
Is 1118465825 a multiple of 5439?
False
Does 8 divide 31737440?
True
Is 10 a factor of 29904210?
True
Is 45101830 a multiple of 3?
False
Does 744 divide 499239624?
True
Is 12877977 a multiple of 861?
True
Is 668678 a multiple of 14?
False
Is 3427314 a multiple of 11?
True
Is 3 a factor of 34444359?
True
Does 3848 divide 1417062000?
False
Does 17 divide 263040541?
True
Is 2408295600 a multiple of 38?
True
Does 123 divide 317268802?
False
Is 2 a factor of 2986273?
False
Is 25958012 a multiple of 38?
False
Is 924 a factor of 17578154?
False
Is 44 a factor of 17958512?
True
Is 797933752 a multiple of 5?
False
Is 10380890 a multiple of 470?
True
Is 80331118 a multiple of 65?
False
Does 92 divide 2422604444?
True
Does 6 divide 264882984?
True
Is 317325600 a multiple of 59?
True
Does 23 divide 39543141?
True
Is 10244858 a multiple of 13?
True
Is 3183 a factor of 44238490?
False
Is 25230833 a multiple of 305?
False
Does 22 divide 233757700?
True
Does 137 divide 219141046?
False
Does 34 divide 68835336?
False
Does 112 divide 175562464?
True
Is 742046691 a multiple of 3735?
False
Is 86 a factor of 1231331126?
False
Does 997 divide 1940370675?
False
Is 1153611 a multiple of 332?
False
Is 72 a factor of 177243947?
False
Does 63 divide 4063364802?
True
Is 236 a factor of 85328868?
True
Does 3123 divide 50849234?
False
Is 28506888 a multiple of 2248?
True
Does 92 divide 37532231?
False
Is 3 a factor of 182316246?
True
Is 135913814 a multiple of 2902?
False
Does 605 divide 31008340?
False
Is 1477 a factor of 30250437?
True
Is 68 a factor of 18329241?
False
Does 82 divide 1754157166?
False
Is 21592682 a multiple of 109?
True
Does 16 divide 95002165?
False
Does 446 divide 143803334?
True
Does 20 divide 66824867?
False
Does 87 divide 23428491?
True
Does 1841 divide 4950337886?
False
Is 9476870 a multiple of 11?
False
Is 79284508 a multiple of 11?
False
Does 56 divide 1292618745?
False
Is 9199540 a multiple of 121?
False
Does 698 divide 3987674?
True
Is 1677794482 a multiple of 169?
True
Is 496 a factor of 134076240?
True
Is 30 a factor of 61447000?
False
Does 403 divide 5487455?
False
Does 971 divide 15439729?
False
Does 54 divide 1643102?
False
Is 2302 a factor of 984823224?
True
Does 115 divide 191255226?
False
Is 21 a factor of 15780407?
False
Is 3611970657 a multiple of 102?
False
Is 1399016077 a multiple of 14?
False
Is 2 a factor of 666702?
True
Is 151558349 a multiple of 11?
False
Does 5326 divide 83131691?
False
Does 17 divide 12774531?
True
Does 1206 divide 223538227?
False
Does 1268 divide 2261791196?
True
Does 4168 divide 2270080360?
True
Does 15 divide 53705668?
False
Is 1815473914 a multiple of 5480?
False
Is 1745474332 a multiple of 7?
True
Does 691 divide 1734076938?
True
Does 59 divide 1874234?
False
Does 1394 divide 19686977?
False
Is 42441248 a multiple of 7?
False
Does 34 divide 5650911?
False
Is 11 a factor of 6761341?
False
Is 2441 a factor of 50411992?
False
Is 951825422 a multiple of 23?
True
Is 55 a factor of 14155845?
True
Is 50 a factor of 28890000?
True
Does 209 divide 29545107?
False
Is 37 a factor of 3913502?
False
Is 209034096 a multiple of 48?
True
Does 1476 divide 26036881?
False
Is 239459035 a multiple of 836?
False
Does 1877 divide 265463204?
False
Is 41717954 a multiple of 16?
False
Does 110 divide 348134872?
False
Does 897 divide 4010534?
False
Is 283 a factor of 2281802083?
False
Does 38 divide 173204?
True
Is 129 a factor of 486333741?
True
Is 340 a factor of 388289860?
True
Does 2304 divide 2203946496?
True
Does 43 divide 264914099?
True
Is 6039395 a multiple of 145?
True
Is 572 a factor of 49010796?
False
Is 14 a factor of 34829362?
False
Is 176 a factor of 2241390?
False
Is 491 a factor of 414349008?
True
Is 3235856 a multiple of 755?
False
Does 63 divide 20642706?
True
Is 14097875 a multiple of 125?
True
Does 2912 divide 136141824?
True
Is 27 a factor of 147448785?
False
Does 13 divide 175830551?
True
Does 13 divide 1261833105?
True
Is 75472 a multiple of 89?
True
Is 9184820 a multiple of 10?
True
Is 70 a factor of 195951363?
False
Is 117 a factor of 31291182?
True
Is 125380020 a multiple of 1028?
True
Is 100451525 a multiple of 12?
False
Is 5 a factor of 13410355?
True
Is 457341946 a multiple of 368?
False
Does 362 divide 361380505?
False
Is 314 a factor of 525636?
True
Is 4976208 a multiple of 12?
True
Is 299489808 a multiple of 24?
True
Does 217 divide 2218555486?
True
Is 124471099 a multiple of 2643?
False
Is 377556367 a multiple of 114?
False
Is 81394716 a multiple of 832?
False
Is 1256042340 a multiple of 7?
True
Is 368 a factor of 814978740?
False
Does 16 divide 2991360736?
True
Is 176 a factor of 114938453?
False
Is 1133033006 a multiple of 168?
False
Is 84 a factor of 5680371?
False
Is 11920760 a multiple of 80?
False
Is 1406 a factor of 55391563?
False
Is 29205441 a multiple of 13?
False
Is 12 a factor of 19255476?
True
Is 9047296 a multiple of 14?
False
Does 1326 divide 51552228?
True
Is 128768709 a multiple of 389?
False
Is 390 a factor of 43629044?
False
Does 25 divide 2129090525?
True
Does 165 divide 104396850?
False
Is 82 a factor of 68636275?
False
Is 145 a factor of 11144476?
False
Is 303893325 a multiple of 25?
True
Is 446930484 a multiple of 13?
True
Is 5 a factor of 1342225?
True
Is 1665 a factor of 351262506?
False
Does 3 divide 291144205?
False
Does 13 divide 84950970?
True
Does 206 divide 12274498?
False
Does 2775 divide 15293025?
True
Is 276819809 a multiple of 5?
False
Is 2464 a factor of 73160294?
False
Is 84271935 a multiple of 35?
False
Does 4 divide 5247758?
False
Does 956 divide 655871?
False
Does 125 divide 11457625?
True
Is 188 a factor of 654349416?
True
Is 33055771 a multiple of 86?
False
Is 244 a factor of 147722968?
True
Is 47849448 a multiple of 38?
True
Is 1292 a factor of 25700464?
True
Is 483646555 a multiple of 35?
True
Is 665 a factor of 8438185?
True
Does 1072 divide 7647655955?
False
Is 129 a factor of 2620416?
False
Is 84 a factor of 9400356?
True
Does 63 divide 2969669924?
False
Does 870 divide 32976480?
True
Is 23 a factor of 23903371?
True
Is 6 a factor of 14402714?
False
Is 90 a factor of 488666085?
False
Is 16549604 a multiple of 667?
True
Is 154146595 a multiple of 56?
False
Does 103 divide 2209938325?
False
Does 69 divide 568731981?
False
Is 21796628 a multiple of 373?
True
Is 1130 a factor of 890927030?
True
Is 3520 a factor of 4201347386?
False
Does 20 divide 623536792?
False
Is 85 a factor of 5704791603?
False
Is 2833130 a multiple of 5?
True
Does 320 divide 574760320?
True
Is 69258922 a multiple of 41?
True
Does 183 divide 5140287?
True
Is 7 a factor of 19392772?
True
Does 259 divide 50204637?
False
Does 8 divide 1583824?
True
Is 29578032 a multiple of 284?
True
Is 39308256 a multiple of 208?
True
Is 1335303475 a multiple of 272?
False
Is 75592027 a multiple of 550?
False
Is 1956370080 a multiple of 16?
True
Does 123 divide 888038616?
False
Does 38 divide 99053726?
True
Is 77 a factor of 1634893106?
True
Is 11 a factor of 919250145?
True
Is 168 a factor of 23416512?
True
Is 2214 a factor of 285116706?
True
Is 860279304 a multiple of 2553?
True
Does 22 divide 3495976?
True
Is 2 a factor of 513396?
True
Is 39 a factor of 2421369023?
False
Does 13 divide 6455347?
False
Is 476 a factor of 209368876?
False
Is 1936 a factor of 39192559?
False
Is 9277327 a multiple of 22?
False
Does 1530 divide 23578830?
True
Is 33853235 a multiple of 210?
False
Does 430 divide 8504920955?
False
Does 342 divide 31509327?
False
Is 1197 a factor of 2275497?
True
Does 217 divide 91746298?
True
Is 1765416 a multiple of 612?
False
Does 553 divide 16961063?
True
Is 39031080 a multiple of 330?
True
Does 1544 divide 1316789592?
True
Is 1160 a factor of 665747200?
True
Is 2143934604 a multiple of 126?
True
Is 485790438 a multiple of 5327?
True
Is 78 a factor of 340726854?
True
Does 655 divide 358940?
True
Is 13 a factor of 292412987?
False
Is 5838518 a multiple of 17?
False
Is 22 a factor of 29685503?
False
Is 142 a factor of 28063577?
False
Does 366 divide 36920982?
True
Is 585 a factor of 7